{"id":3402,"date":"2022-11-03T05:28:19","date_gmt":"2022-11-03T05:28:19","guid":{"rendered":"https:\/\/macopuebla.com\/?post_type=product&#038;p=3402"},"modified":"2023-05-24T20:27:57","modified_gmt":"2023-05-24T20:27:57","slug":"manguera-hidraulica-sae100-r12","status":"publish","type":"product","link":"https:\/\/gurusdigitales.mx\/maco\/producto\/manguera-hidraulica-sae100-r12\/","title":{"rendered":"Manguera hidr\u00e1ulica SAE100 R12"},"content":{"rendered":"<p>La manguera sin pelado compacta de presi\u00f3n media de Parker 441 y 441RH ofrece una estructura de trenzado de alambre simple sin pelado con un rendimiento de trenzado de doble alambre. Por tanto, la 441 es la manguera ideal para muchas aplicaciones industriales y m\u00f3viles con un uso t\u00edpico en m\u00e1quinas agr\u00edcolas o en circuitos de direcci\u00f3n asistida. El tipo de manguera 441RH con cubierta ign\u00edfuga es el tipo de manguera preferido para los sistemas hidr\u00e1ulicos y neum\u00e1ticos de presi\u00f3n media general y los circuitos de refrigeraci\u00f3n de agua.<\/p>\n","protected":false},"excerpt":{"rendered":"<p>La manguera sin pelado compacta de presi\u00f3n media de Parker 441 y 441RH ofrece una estructura de trenzado de alambre simple sin pelado con un rendimiento de trenzado de doble alambre. Por tanto, la 441 es la manguera ideal para muchas aplicaciones industriales y m\u00f3viles con un uso t\u00edpico en m\u00e1quinas agr\u00edcolas o en circuitos [&hellip;]<\/p>\n","protected":false},"featured_media":3363,"template":"","meta":{"om_disable_all_campaigns":false,"_monsterinsights_skip_tracking":false,"_monsterinsights_sitenote_active":false,"_monsterinsights_sitenote_note":"","_monsterinsights_sitenote_category":0},"product_brand":[],"product_cat":[16,17],"product_tag":[],"class_list":{"0":"post-3402","1":"product","2":"type-product","3":"status-publish","4":"has-post-thumbnail","6":"product_cat-hidraulica","7":"product_cat-mangueras","9":"first","10":"instock","11":"shipping-taxable","12":"product-type-variable"},"aioseo_notices":[],"_links":{"self":[{"href":"https:\/\/gurusdigitales.mx\/maco\/wp-json\/wp\/v2\/product\/3402","targetHints":{"allow":["GET"]}}],"collection":[{"href":"https:\/\/gurusdigitales.mx\/maco\/wp-json\/wp\/v2\/product"}],"about":[{"href":"https:\/\/gurusdigitales.mx\/maco\/wp-json\/wp\/v2\/types\/product"}],"version-history":[{"count":3,"href":"https:\/\/gurusdigitales.mx\/maco\/wp-json\/wp\/v2\/product\/3402\/revisions"}],"predecessor-version":[{"id":4617,"href":"https:\/\/gurusdigitales.mx\/maco\/wp-json\/wp\/v2\/product\/3402\/revisions\/4617"}],"wp:featuredmedia":[{"embeddable":true,"href":"https:\/\/gurusdigitales.mx\/maco\/wp-json\/wp\/v2\/media\/3363"}],"wp:attachment":[{"href":"https:\/\/gurusdigitales.mx\/maco\/wp-json\/wp\/v2\/media?parent=3402"}],"wp:term":[{"taxonomy":"product_brand","embeddable":true,"href":"https:\/\/gurusdigitales.mx\/maco\/wp-json\/wp\/v2\/product_brand?post=3402"},{"taxonomy":"product_cat","embeddable":true,"href":"https:\/\/gurusdigitales.mx\/maco\/wp-json\/wp\/v2\/product_cat?post=3402"},{"taxonomy":"product_tag","embeddable":true,"href":"https:\/\/gurusdigitales.mx\/maco\/wp-json\/wp\/v2\/product_tag?post=3402"}],"curies":[{"name":"wp","href":"https:\/\/api.w.org\/{rel}","templated":true}]}}