{"id":17,"date":"2022-09-22T21:16:25","date_gmt":"2022-09-22T21:16:25","guid":{"rendered":"https:\/\/macopuebla.com\/?post_type=product&#038;p=17"},"modified":"2023-05-24T21:39:28","modified_gmt":"2023-05-24T21:39:28","slug":"manguera-hidraulica-sae100-r1","status":"publish","type":"product","link":"https:\/\/gurusdigitales.mx\/maco\/producto\/manguera-hidraulica-sae100-r1\/","title":{"rendered":"Manguera hidr\u00e1ulica SAE100 R1"},"content":{"rendered":"<p>La manguera hidr\u00e1ulica SAE 100 R1 es una manguera de uso general que se utiliza en aplicaciones hidr\u00e1ulicas de baja a media presi\u00f3n. Es com\u00fanmente empleada en sistemas hidr\u00e1ulicos industriales y comerciales, as\u00ed como en equipos m\u00f3viles como tractores y veh\u00edculos de construcci\u00f3n ligera. Ofrece un rendimiento confiable y duradero en aplicaciones donde las presiones de trabajo no son extremas pero se requiere flexibilidad y resistencia.<\/p>\n","protected":false},"excerpt":{"rendered":"<p>La manguera hidr\u00e1ulica SAE 100 R1 est\u00e1 construida con un tubo interno de goma resistente al aceite, un refuerzo de alambre de acero de alta resistencia y una cubierta externa de goma resistente a la abrasi\u00f3n. Esta estructura proporciona resistencia, flexibilidad y protecci\u00f3n contra los elementos, permitiendo que la manguera funcione de manera confiable en aplicaciones hidr\u00e1ulicas de baja a media presi\u00f3n.<\/p>\n","protected":false},"featured_media":3357,"template":"","meta":{"om_disable_all_campaigns":false,"_monsterinsights_skip_tracking":false,"_monsterinsights_sitenote_active":false,"_monsterinsights_sitenote_note":"","_monsterinsights_sitenote_category":0},"product_brand":[],"product_cat":[16,17],"product_tag":[],"class_list":{"0":"post-17","1":"product","2":"type-product","3":"status-publish","4":"has-post-thumbnail","6":"product_cat-hidraulica","7":"product_cat-mangueras","9":"first","10":"instock","11":"shipping-taxable","12":"product-type-variable"},"aioseo_notices":[],"_links":{"self":[{"href":"https:\/\/gurusdigitales.mx\/maco\/wp-json\/wp\/v2\/product\/17","targetHints":{"allow":["GET"]}}],"collection":[{"href":"https:\/\/gurusdigitales.mx\/maco\/wp-json\/wp\/v2\/product"}],"about":[{"href":"https:\/\/gurusdigitales.mx\/maco\/wp-json\/wp\/v2\/types\/product"}],"version-history":[{"count":3,"href":"https:\/\/gurusdigitales.mx\/maco\/wp-json\/wp\/v2\/product\/17\/revisions"}],"predecessor-version":[{"id":4626,"href":"https:\/\/gurusdigitales.mx\/maco\/wp-json\/wp\/v2\/product\/17\/revisions\/4626"}],"wp:featuredmedia":[{"embeddable":true,"href":"https:\/\/gurusdigitales.mx\/maco\/wp-json\/wp\/v2\/media\/3357"}],"wp:attachment":[{"href":"https:\/\/gurusdigitales.mx\/maco\/wp-json\/wp\/v2\/media?parent=17"}],"wp:term":[{"taxonomy":"product_brand","embeddable":true,"href":"https:\/\/gurusdigitales.mx\/maco\/wp-json\/wp\/v2\/product_brand?post=17"},{"taxonomy":"product_cat","embeddable":true,"href":"https:\/\/gurusdigitales.mx\/maco\/wp-json\/wp\/v2\/product_cat?post=17"},{"taxonomy":"product_tag","embeddable":true,"href":"https:\/\/gurusdigitales.mx\/maco\/wp-json\/wp\/v2\/product_tag?post=17"}],"curies":[{"name":"wp","href":"https:\/\/api.w.org\/{rel}","templated":true}]}}